- -24 - 17))?
16
What is -47 + (-7 - (32 + -19)) + (-3 + 0 - -13)?
-57
What is -118 + 132 + (-43 - 5)?
-34
Evaluate 11 + (-52 + 3 + -2 - (176 + -189) - 10).
-37
Calculate -1 - -7 - (-59 + -114 + 137).
42
Evaluate 41 + -88 + 43 + 2.
-2
Evaluate 29 + -5 - (25 - (47 - 28)).
18
78 - 87 - (-92 + (-8 + 9 - (4 - -3)))
89
Calculate -1 - (-2 + (-3 - -2)) - (409 + -280 + -206).
79
What is (34 - (45 - (26 + -43))) + -60?
-88
What is 16 + (-1 + -2 + -1 - 57) - (1 + -10)?
-36
Evaluate 20 + -6 + -2 + 2 + 124 + -87.
51
What is -38 + 41 + -16 + 6?
-7
10 - (95 + -110 - -28 - (0 + 33))
30
Calculate 18 - (-136 - (-532 - -557 - (42 + 1))).
136
Evaluate -2 + 49 + -2 - (-6 - ((-17 - -39) + -17)).
56
Evaluate 45 - ((2 - (9 + -2)) + (5 - -9)).
36
What is the value of -31 - ((13 - (-13 - -3)) + -46)?
-8
Evaluate -16 + -11 - (1 - (0 + -6 + 17)).
-17
Evaluate 32 + -35 - -27 - -2.
26
4 - (-22 - 28 - (-22 + 10 + -1 + 3))
44
What is 32 + 2 + -25 + 30 + -7 + 2?
34
What is 0 - (0 - -2 - 9) - (107 - 97)?
-3
What is -45 + (18 - ((-1 - -3) + (-11 - -13))) + -4?
-35
Calculate -3 - -35 - (-89 + 72).
49
What is the value of 4 - -43 - ((-15 - -12) + (-7 - (-4 - 0)))?
53
Calculate 537 + -504 + (6 - 95).
-56
What is the value of 5 - (21 - (-2 - 27) - (-1 + -2 + 2))?
-46
(85 - 61) + (131 - (10 + (-14 - -12)))
147
What is the value of (63 - (-74 - -38)) + -12 - -34?
121
-124 + (14 - -6) + 27 + (39 - 83)
-121
What is 25 + -1 + -14 + (7 - -17)?
34
-96 + 20 + 7 + -26 + 29
-66
What is -7 + -15 + 2 - (-22 - (18 + 1))?
21
What is the value of -7 - ((2 - (-14 - -9) - -56) + 4 - 10)?
-64
What is the value of 45 - ((1 - 23 - (24 - 38)) + (-2 - -11))?
44
What is (1 - 2) + 1 + (-138 - -140) + (864 - 924)?
-58
Calculate 170 - 163 - (0 - -37).
-30
What is 26 + (-25 - -19 - 21) + 5?
4
What is 60 + -8 - (-115 - -46)?
121
-12 + (-74 - -52) + -20 + (-4 - -10)
-48
Calculate 83 - (36 - (-27 - -27)).
47
Calculate (-51 - -1) + 673 + -655.
-32
Calculate 2074 + -2076 + 0 + (1 - 2) + -3 - 25.
-31
Evaluate -21 + 14 + 43 + (8 - 0) + -11.
33
Evaluate (17 + -13 - (1 - -1 - -12)) + -20.
-30
Evaluate 13 + (26 - 2 - (44 + (-116 - -34))).
75
205 - 302 - ((-7 - (16 - 9)) + -6)
-77
Calculate 118 - (-18 - -19) - (-175 - -168).
124
Calculate 61 - (-29 - (-31 - 59) - 34).
34
Evaluate 11 - (150 - (4 + 6 + 21)).
-108
Calculate (-115 - -114) + (0 - 15 - (-15 + (-15 - -24))).
-10
Calculate (1 + -5 - (801 - 827)) + 6.
28
Evaluate (-164 - -43) + 82 + 8 + (-2 - 1).
-34
What is -56 + 0 + 1 + (5891 - 5855)?
-19
What is the value of 1 + -3 + (123 + -56 - (26 - (23 + 21)))?
83
What is the value of (-34 - -31) + 27 - 5?
19
Evaluate -24 + (55 - (26 - 42)).
47
What is (-9 - (-8 - -2)) + -93 + 100 - 84?
-80
What is -1 + -85 - (-2213 + 2104)?
23
Calculate -41 + (43 + 135 - 101).
36
What is -53 - (-27 - (25 - 13))?
-14
(-1 - -16) + (-21 - (66 + -32) - -17)
-23
Evaluate (-1 - 3) + 8 + (-35 - 0) + 13.
-18
What is -68 + 83 - 45 - (1 + -93)?
62
What is 249 - 251 - (45 - (28 - 14))?
-33
Calculate -526 - -521 - (2 - -49).
-56
What is the value of (-2 - (-52 - -2)) + -1 + (-28 - -16) + 18?
53
Evaluate -25 + 212 + (-181 - -106).
112
19 + 33 + (0 - 9) + -23 - 112
-92
Evaluate -55 - (12 + -84 + 45).
-28
Calculate -73 + 25 + -4 - -44.
-8
Calculate 2 + 59 - (12 + -30 - (-15 - 17)).
47
What is the value of (-16 - 2) + -30 + -30 + 82 + 29?
33
What is -19 + ((-5 - 60) + -7 - -8) - -7?
-76
Evaluate 31 + (226 - 103) + -12.
142
Evaluate 34 + 37 + -34 + -5 - 28.
4
What is (-12 - -7) + 55 - ((18 - -16) + -57)?
73
Evaluate (29 - 0) + (-33 - (-38 + 14)).
20
Evaluate 1 + -6 + 15 + -32 + 12 + 86.
76
Evaluate -38 - -1 - (27 - (35 + (32 - 42))).
-39
What is -6 + (4 - (4 + 3)) + (-13 + 10 - 8)?
-20
Calculate -35 + -8 + 35 - ((-34 - 1) + (0 - -2)).
25
What is (-14 + 38 - 62 - (-2 - (-3 + 6))) + 7?
-26
Calculate (1 - -42) + 51 + -51 - (-7 + -11).
61
(-37 - -1 - (0 + -1)) + (70 + -45 - 37)
-47
What is -36 - ((-10 - 2) + -306 + 310)?
-28
What is the value of 34 + (-1 - 98) + 24?
-41
Evaluate -99 + (-38 - -8) + 20 + 30.
-79
What is -4 - 2 - -28 - (13 + (23 - 11) + -18)?
15
Evaluate -8 - (2 + -15 + (20 - (21 - -2))).
8
Calculate -11 + (-12 - 11 - 9) - 12.
-55
-8 + (28 + 14 - 22 - -26)
38
What is the value of -19 + (-98 - -114 - (4 + 5 + 26))?
-38
49 + 31 + -36 - -20
64
What is the value of (-12 - (-88 - 31)) + -1?
106
Calculate 35 - 33 - (5 + 9) - (31 + -2).
-41
Calculate (-19 - (-7 - (11 - 26))) + 110.
83
131 - 1 - (3 - 22 - (59 - 98 - -29))
139
What is -186 + 253 + (-17 - -12)?
62
-3 + 13 + -24 - -61 - ((-5 - -11) + 6)
35
2 + -1 + -38 - (-277 - -265) - -11
-14
150 + (-66 - -29 - -20) - (-25 - -11)
147
What is -47 + (-28 - -74) + -82 + (1 - 0) + 1?
-81
What is 6 - (-10 + 5 - (3 + -15))?
-1
What is the value of -21 + -2 + (25 - 21 - -18)?
-1
Calculate 1024 + -984 + 0 + -11.
29
What is 8 + -1 - (-6 + -21 - (-58 + 60))?
36
Calculate (-65 - -57) + -36 + -23.
-67
Evaluate 35 + -22 + (-20 - (-9 + 9)).
-7
What is the value of -20 - ((7 - (-2 - (2 - -3))) + 0)?
-34
Calculate -3 - (30 - (-29 + 60)).
-2
Evaluate 104 + (-56 - -28) - (0 - 13).
89
What is the value of 7 - (-69 + 104 - (-7 - (-7 - -4)))?
-32
What is the value of 14 - (-335 - -318 - (-2 - 63))?
-34
Evaluate (-1 - 86) + (-512 - -557).
-42
Evaluate -1368 - -1471 - (2 + 62).
39
Evaluate -135 - (-2 - 37 - -17) - -37.
-76
What is 13 + -14 + (4 - (0 + 14 + 163 + -175))?
1
Calculate -210 - -211 - (1 - -5).
-5
Calculate 3 - (-91 + 75 - -29).
-10
(-5 - 77) + -2 - (30 - (81 + -38))
-71
Evaluate -15 + (3 - (-4 + 9)) + 3 + 3 + -47.
-58
-1 + 18 - (-1462 - -1464)
15
Calculate -51 + (-52 - -77) - -34.
8
What is the value of (1 - -101 - (47 - (132 + -90))) + -12 + 0?
85
What is (-1 - (3 + -9)) + -8 + 1 - (-136 + 68)?
66
What is the value of -67 + (254 - 3) + -107?
77
Evaluate -1 + 42 + -117 + (63 - 33).
-46
Evaluate 55 - (-132 - -108 - -84).
-5
What is the value of -42 + 97 - 50 - (9 + -3 + 4)?
-5
(3486 - 3511) + (4 - 5 - (2 - 17))
-11
What is the value of ((-15 - -1) + -1 - (1901 - 1866)) + 12?
-38
157 - 167 - (-11 + 6 - (1 + -3))
-7
16 - -46 - 91 - -57
28
10 + 68 + (-9 + 1 - (-202 - -197) - 12)
63
Evaluate 128 - (4 + (20 + (-26 - -21) - (-4 - -13))).
118
Evaluate (-7 - 4) + -29 + 39 + -14.
-15
Evaluate 29 + 0 - (-2 - (253 - 340)).
-56
-9 - (7 - 17) - 8 - 45
-52
Evaluate (-56 - -84) + (0 - 2 - (1 - 0 - 0)).
25
-33 + (-32 + 61 - -115) + -31
80
What is the value of (-65 - -3) + (-9 + 7 + 30 - 18)?
-52
-55 + 11 + -5 + -6 + 6 + -12 + 7
-54
Evaluate -60 - (-2 - (1 - 24 - (5 - 10))).
-76
What is (60 - 56) + (5 - -41) - -27?
77
Evaluate 6 + -9 + 1 + -1 + 24 + (24 - -91).
136
(0 + 1 - (-4 + (8 - 8) - 1)) + -6
0
What is (243 - 237) + (-1 - -12)?
17
Evaluate 40 + 1 + -11 + (45 - 33) + 9 + -3.
48
What is the value of -2 - (45 - ((-9 - -33 - 12) + -12))?
-47
(-6 - ((5 - 7) + 3)) + (-8 - -12 - -38)
35
Calculate 10 - (11 - (1 - 1 - -12) - -53).
-42
Calculate 26 + -102 - -93 - 20.
-3
Evaluate -76 - -85 - 9 - (0 + 17).
-17
(34 - 11 - 34) + (26 - -1) + 43
59
What is the value of 1 - -13 - (-6 + 11 + -11)?
20
22 - (29 + -6 + 21 + 6)
-28
What is the value of (-23 - -133) + 33 + -123?
20
What is 7 + -8 + 4 + -36 + 23?
-10
Calculate -57 + (66 + 17 - 60).
-34
Evaluate 42 - (-134 + -93 + 208).
61
What is the value of -3 + 46 + (32 - (-8 + 16))?
67
Evaluate -77 + -72 + (57 - -25).
-67
What is -197 + 118 + (7 - (16 - 29))?
-59
Evaluate (1 + -18 - (-3 - -4)) + (184 - 172).
-6
Calculate (5 - 2) + -1 + -1764 + 1780.
18
Evaluate 83 + -45 + (39 - 5) + -3.
69
Calculate -9 + (-1 + -2 + 6 - -6) + -7 + 14.
7
Calculate -14 + (-9 - ((-14 - -52) + -20)).
-41
Evaluate (10 - (-2 - (1 + 4 - (65 + 11)))) + 2.
-57
Calculate 23 + 27 - (222 - 303).
131
Calculate (-30 + -7 - -35) + (-2 - 6) + -91 + 0.
-101
What is -9 + (19 - (11 - -34 - 31))?
-4
What is the value of -65 + (-40 - -90) + 21?
6
Calculate 19758 + -19899 - (-18 + -1).
-122
14 + -8 + 14 + -12 + 15 + -21
2
What is -4 + -10 + -3 - (-29 - (157 + -76))?
93
(58 + -48 - (-1 + -1)) + 45 + -33
24
Evaluate (-21 - -16) + (12 + -19 - (-3 + -1)) - 34.
-42
Calculate 57 + -7 + -1 + 24 + -25 - (0 + 9).
39
What is (-47 - -7) + (-6 - -2) + (-2 - -7) + -8?
-47
Evaluate (-2 - -2) + -2 + (-20 - -7 - -5).
-10
Evaluate -51 - (45 + -122 - -56 - (0 - 37)).
-67
What is -2 - 118 - (3552 - 3694)?
22
Calculate (-84 - (-157 - 156)) + -119.